umber?
True
Is 74249 prime?
False
Is 1207 a prime number?
False
Is 60769 composite?
True
Is 4861 a prime number?
True
Is 204641 composite?
False
Is 15401 a prime number?
True
Is 3907 a composite number?
False
Is 49891 composite?
False
Is 18383 composite?
True
Is 7079 composite?
False
Is 43391 prime?
True
Is 41191 a prime number?
False
Is 13793 a composite number?
True
Is 22171 composite?
False
Is 83039 composite?
True
Is 295693 a composite number?
False
Is 346783 a composite number?
True
Is 24607 a prime number?
False
Is 10294 a prime number?
False
Is 11087 composite?
False
Is 985 prime?
False
Is 58983 a composite number?
True
Is 427417 a composite number?
False
Is 120527 composite?
True
Is 2742427 prime?
True
Is 379859 composite?
False
Is 4703 a composite number?
False
Is 1454969 composite?
False
Is 240319 prime?
True
Is 22849 a composite number?
True
Is 314059 composite?
False
Is 14983 a composite number?
False
Is 498137 a composite number?
True
Is 78457 a prime number?
False
Is 212183 composite?
False
Is 39929 a prime number?
True
Is 20047 a composite number?
False
Is 1151 a prime number?
True
Is 164861 a prime number?
False
Is 303671 prime?
False
Is 170837 prime?
True
Is 1067 a prime number?
False
Is 24515 a composite number?
True
Is 5292337 composite?
False
Is 1472893 composite?
False
Is 275051 a composite number?
True
Is 230431 a prime number?
True
Is 12871 composite?
True
Is 858457 prime?
True
Is 2649343 a prime number?
False
Is 53962 a composite number?
True
Is 546751 composite?
True
Is 170917 prime?
False
Is 12327973 prime?
False
Is 715417 prime?
True
Is 52729 a composite number?
True
Is 8473 composite?
True
Is 122891 composite?
False
Is 12941 composite?
False
Is 198955 prime?
False
Is 12659 a composite number?
False
Is 4231229 composite?
False
Is 291763 composite?
True
Is 179 a prime number?
True
Is 153863 a composite number?
True
Is 45545 prime?
False
Is 26033 composite?
True
Is 13789 prime?
True
Is 16499 a composite number?
True
Is 20789 a prime number?
True
Is 263377 prime?
False
Is 4843 a composite number?
True
Is 44477 a composite number?
True
Is 161285 a composite number?
True
Is 129379 a composite number?
False
Is 15019 a composite number?
True
Is 642283 prime?
False
Is 12131 a composite number?
True
Is 7901 a composite number?
False
Is 185 composite?
True
Is 38431 composite?
False
Is 387911 a composite number?
False
Is 1624891 a composite number?
True
Is 217699 a prime number?
False
Is 9091 a composite number?
False
Is 45547 a prime number?
False
Is 40151 a prime number?
True
Is 34415 composite?
True
Is 4337 a prime number?
True
Is 263819 composite?
False
Is 197677 composite?
False
Is 430241 a prime number?
False
Is 287367 a composite number?
True
Is 98507 composite?
False
Is 2857 prime?
True
Is 309769 prime?
True
Is 716917 a composite number?
False
Is 17743 a prime number?
False
Is 8513 a prime number?
True
Is 89 composite?
False
Is 30269 composite?
False
Is 105605 prime?
False
Is 334823 a prime number?
False
Is 117983 prime?
False
Is 394529 prime?
True
Is 718507 a prime number?
False
Is 156941 a prime number?
True
Is 1147 prime?
False
Is 821327 composite?
True
Is 292301 a prime number?
True
Is 282349 prime?
True
Is 7151 a prime number?
True
Is 24239 prime?
True
Is 36599 a composite number?
False
Is 2471 a composite number?
True
Is 32537 prime?
True
Is 3131 a prime number?
False
Is 1087 a prime number?
True
Is 282619 a composite number?
True
Is 174695 a composite number?
True
Is 78367 composite?
False
Is 142357 a prime number?
True
Is 580741 a prime number?
False
Is 77483 a prime number?
False
Is 3097 a prime number?
False
Is 184021 prime?
False
Is 21767 composite?
False
Is 22739 composite?
False
Is 215557 a prime number?
False
Is 374843 composite?
True
Is 1174223 a composite number?
True
Is 11863 a prime number?
True
Is 30543 prime?
False
Is 35209 a prime number?
False
Is 992183 prime?
True
Is 37331 a prime number?
False
Is 2362 a prime number?
False
Is 479 a composite number?
False
Is 59197 a prime number?
True
Is 244661 composite?
True
Is 1437 a composite number?
True
Is 777071 prime?
True
Is 3717937 a composite number?
False
Is 82873 a prime number?
False
Is 21089 prime?
True
Is 59 a composite number?
False
Is 787 prime?
True
Is 4468289 a prime number?
False
Is 120689 a prime number?
True
Is 2574447 composite?
True
Is 2204837 prime?
False
Is 14951 composite?
False
Is 20663 a prime number?
True
Is 9863 prime?
False
Is 1357 prime?
False
Is 436441 a prime number?
False
Is 857687 a prime number?
True
Is 33401 a composite number?
True
Is 35417 a composite number?
True
Is 2813 a prime number?
False
Is 18674 a composite number?
True
Is 497867 a prime number?
True
Is 1541 a prime number?
False
Is 692753 prime?
True
Is 809623 prime?
False
Is 1894669 a composite number?
True
Is 303907 prime?
True
Is 173237 a composite number?
True
Is 54469 prime?
True
Is 12841 a prime number?
True
Is 49963 a prime number?
False
Is 919141 a composite number?
True
Is 1245029 a prime number?
False
Is 681569 a composite number?
True
Is 50789 composite?
False
Is 1411 a prime number?
False
Is 74407 composite?
True
Is 306419 a composite number?
False
Is 42887 prime?
False
Is 1319053 a prime number?
True
Is 95737 composite?
False
Is 273737 a composite number?
True
Is 374879 a composite number?
False
Is 118343 a composite number?
False
Is 37717 prime?
True
Is 28139 prime?
False
Is 4109 a prime number?
False
Is 2923 a prime number?
False
Is 25219 prime?
True
Is 238499 composite?
False
Is 2129 prime?
True
Is 603149 prime?
True
Is 499819 a composite number?
False
Is 26749 composite?
True
Is 211 a prime number?
True
Is 245251 a prime number?
True
Is 149887 a composite number?
True
Is 51937 composite?
True
Is 9689 a composite number?
False
Is 4441 composite?
False
Is 121379 a prime number?
True
Is 121557 composite?
True
Is 8887 prime?
True
Is 306483 prime?
False
Is 264071 a prime number?
True
Is 322919 prime?
True
Is 131407 composite?
True
Is 3377 composite?
True
Is 48017 composite?
False
Is 388923 prime?
False
Is 133973 a prime number?
False
Is 75289 composite?
False
Is 3353 a prime number?
False
Is 786719 a composite number?
False
Is 551 a prime number?
False
Is 26171 a composite number?
False
Is 41879 prime?
True
Is 80287 a composite number?
False
Is 3709 composite?
False
Is 751 a composite number?
False
Is 200495 a composite number?
True
Is 11863 a prime number?
True
Is 112319 composite?
True
Is 5039 a prime number?
True
Is 217405 prime?
False
Is 998209 prime?
False
Is 42767 prime?
True
Is 2681 a composite number?
True
Is 19563 prime?
False
Is 2933 prime?
False
Is 69143 composite?
False
Is 7563 composite?
True
Is 790781 composite?
False
Is 259711 a prime number?
False
Is 20153 composite?
True
Is 953 a composite number?
False
Is 126541 composite?
False
Is 15441 a prime number?
False
Is 47903 a composite number?
False
Is 5721 composite?
True
Is 158087 a composite number?
True
Is 16789 prime?
False
Is 715943 a composite number?
False
Is 3011 composite?
False
Is 828341 composite?
True
Is 64123 a prime number?
True
Is 2039731 a prime number?
True
Is 22921 composite?
False
Is 922917 a composite number?
True
Is 124067 prime?
True
Is 54731 composite?
True
Is 4711 prime?
False
Is 5033 prime?
False
Is 2459 composite?
False
Is 18617 prime?
True
Is 36511 prime?
False
Is 146177 prime?
False
Is 273349 a composite number?
False
Is 2090159 composite?
False
Is 10661 a composite number?
True
Is 22915 a prime number?
False
Is 219119 a prime number?
True
Is 146719 prime?
True
Is 168898 a prime number?
False
Is 38953 composite?
False
Is 3000031 a prime number?
False
Is 413 prime?
False
Is 31033 a composite number?
False
Is 865871 prime?
True
Is 585353 a composite number?
True
Is 109517 prime?
True
Is 1507 prime?
False
Is 88327 composite?
False
Is 7339 composite?
True
Is 28697 composite?
False
Is 41221 prime?
True
Is 141131 composite?
False
Is 1801 a prime number?
True
Is 131 a composite number?
False
Is 17519 a prime number?
True
Is 853241 composite?
False
Is 2038 composite?
True
Is 682931 a composite number?
True
Is 833099 a composite number?
False
Is 575311 composite?
True
Is 20159 prime?
False
Is 90313 a composite number?
False
Is 4609 a composite number?
True
Is 121721